{"id":114,"date":"2022-08-05T11:54:12","date_gmt":"2022-08-05T11:54:12","guid":{"rendered":"https:\/\/ochronadlamedyka.cm-lancut.pl\/?page_id=114"},"modified":"2022-08-05T11:57:58","modified_gmt":"2022-08-05T11:57:58","slug":"projekt-w-mediach","status":"publish","type":"page","link":"https:\/\/ochronadlamedyka.cm-lancut.pl\/index.php\/projekt-w-mediach\/","title":{"rendered":"Projekt w mediach"},"content":{"rendered":"\n<p><strong>Strona Centrum Medycznego w \u0141a\u0144cucie<\/strong><\/p>\n\n\n\n<p><a href=\"https:\/\/ochronadlamedyka.cm-lancut.pl\/\">Ochrona dla Medyka \u2013 Ochrona dla Medyka \u2013 SUPERVISON (cm-lancut.pl)<\/a><\/p>\n\n\n\n<p><a href=\"http:\/\/www.cm-lancut.pl\/asp\/pl_start.asp?typ=13&amp;sub=199&amp;menu=11&amp;dzialy=11&amp;artykul=1475&amp;akcja=artykul\">http:\/\/www.cm-lancut.pl\/asp\/pl_start.asp?typ=13&amp;sub=199&amp;menu=11&amp;dzialy=11&amp;artykul=1475&amp;akcja=artykul<\/a><\/p>\n\n\n\n<p><a href=\"http:\/\/cm-lancut.pl\/firmy\/covid%2020%20wrzesnia.mp4\">http:\/\/cm-lancut.pl\/firmy\/covid%2020%20wrzesnia.mp4<\/a><\/p>\n\n\n\n<p><a href=\"http:\/\/facebook.com\/cmlancut\">http:\/\/facebook.com\/cmlancut<\/a><\/p>\n\n\n\n<p><a href=\"http:\/\/www.cm-lancut.pl\/asp\/pl_start.asp?typ=13&amp;sub=199&amp;menu=11&amp;dzialy=11&amp;artykul=1480&amp;akcja=artykul\">http:\/\/www.cm-lancut.pl\/asp\/pl_start.asp?typ=13&amp;sub=199&amp;menu=11&amp;dzialy=11&amp;artykul=1480&amp;akcja=artykul<\/a><\/p>\n\n\n\n<p><strong>Starostwo Powiatowe w \u0141a\u0144cucie<\/strong><\/p>\n\n\n\n<p><a href=\"https:\/\/www.powiatlancut.pl\/aktualnosci\/super-vision-rl-20,2963.html\">https:\/\/www.powiatlancut.pl\/aktualnosci\/super-vision-rl-20,2963.html<\/a><\/p>\n\n\n\n<p><strong>\u0141a\u0144cut Gada<\/strong><\/p>\n\n\n\n<p><a href=\"http:\/\/www.lancut.gada.pl\/aktualnosc,5829,0,0,0,Testowanie-Super-Vision-RL-20.html\">http:\/\/www.lancut.gada.pl\/aktualnosc,5829,0,0,0,Testowanie-Super-Vision-RL-20.html<\/a><\/p>\n\n\n\n<p><strong>\u0141a\u0144cutNews<\/strong><\/p>\n\n\n\n<p><a href=\"https:\/\/lancutnews.pl\/w-centrum-medycznym-w-lancucie-odbeda-sie-testy-nowoczesnego-sprzetu-ochrony-osobistej\/\">https:\/\/lancutnews.pl\/w-centrum-medycznym-w-lancucie-odbeda-sie-testy-nowoczesnego-sprzetu-ochrony-osobistej\/<\/a><\/p>\n\n\n\n<p><strong>Strona NCBiR<\/strong><\/p>\n\n\n\n<p><a href=\"https:\/\/www.gov.pl\/web\/ncbr\/opracowanie-bezpiecznych-procedur-w-kontaktach-z-osobami-zarazonymi-wirusem-sars-cov-2\">https:\/\/www.gov.pl\/web\/ncbr\/opracowanie-bezpiecznych-procedur-w-kontaktach-z-osobami-zarazonymi-wirusem-sars-cov-2<\/a><\/p>\n\n\n\n<p><strong>Polskie Radio Rzesz\u00f3w<\/strong><\/p>\n\n\n\n<p><a href=\"https:\/\/radio.rzeszow.pl\/wiadomosci\/prototyp-sprzetu-ktory-ma-chronic-podczas-kontaktow-z-osobami-zarazonymi-wirusem-sars-cov-2\">https:\/\/radio.rzeszow.pl\/wiadomosci\/prototyp-sprzetu-ktory-ma-chronic-podczas-kontaktow-z-osobami-zarazonymi-wirusem-sars-cov-2<\/a><\/p>\n\n\n\n<p><strong>\u0141a\u0144cut Gada<\/strong><\/p>\n\n\n\n<p><a href=\"http:\/\/www.lancut.gada.pl\/aktualnosc,6137,0,0,0,Testy-sprzetu-ochronnego-w-CM.html\">http:\/\/www.lancut.gada.pl\/aktualnosc,6137,0,0,0,Testy-sprzetu-ochronnego-w-CM.html<\/a><\/p>\n\n\n\n<p><strong>Strona Powiatu \u0141a\u0144cuckiego<\/strong><\/p>\n\n\n\n<p><a href=\"https:\/\/www.powiatlancut.pl\/aktualnosci\/centrum-medyczne-w-lancucie-realizuje-kolejny-projekt-z-ncbir,3047.html\">https:\/\/www.powiatlancut.pl\/aktualnosci\/centrum-medyczne-w-lancucie-realizuje-kolejny-projekt-z-ncbir,3047.html<\/a><\/p>\n\n\n\n<p><strong>TVP3 \u201eGo\u015b\u0107 wydarze\u0144\u201d\u00a0\u00a0\u00a0<\/strong><\/p>\n\n\n\n<p><a href=\"https:\/\/rzeszow.tvp.pl\/57235942\/wojciech-kluz-pomyslodawca-projektu-w-centrum-medycznym-w-lancucie\">https:\/\/rzeszow.tvp.pl\/57235942\/wojciech-kluz-pomyslodawca-projektu-w-centrum-medycznym-w-lancucie<\/a><\/p>\n\n\n\n<p><strong>TVP3 \u201eGo\u015b\u0107 wydarze\u0144\u201d\u00a0\u00a0\u00a0<\/strong><\/p>\n\n\n\n<p><a href=\"https:\/\/rzeszow.tvp.pl\/57209448\/dr-n-med-marcin-hawro-specjalista-chorob-zakaznych-centrum-medyczne-w-lancucie\">https:\/\/rzeszow.tvp.pl\/57209448\/dr-n-med-marcin-hawro-specjalista-chorob-zakaznych-centrum-medyczne-w-lancucie<\/a><\/p>\n\n\n\n<p><strong>TVP Teleexpress<\/strong><\/p>\n\n\n\n<p><a href=\"https:\/\/teleexpress.tvp.pl\/57184814\/testy-kombinezonow-ochronnych\">https:\/\/teleexpress.tvp.pl\/57184814\/testy-kombinezonow-ochronnych<\/a><\/p>\n\n\n\n<p><strong>TVP3<\/strong><\/p>\n\n\n\n<p><a href=\"https:\/\/rzeszow.tvp.pl\/57188484\/pandemia-nie-zwalnia-lekarze-z-lancuta-pracuja-nad-kapturem-ochronnym\">https:\/\/rzeszow.tvp.pl\/57188484\/pandemia-nie-zwalnia-lekarze-z-lancuta-pracuja-nad-kapturem-ochronnym<\/a><\/p>\n\n\n\n<p><strong>Nowiny24<\/strong><\/p>\n\n\n\n<p><a href=\"https:\/\/nowiny24.pl\/centrum-medyczne-w-lancucie-testuje-nowy-sprzet-do-ochrony-przed-koronowirusem\/ar\/c1-16005301\">https:\/\/nowiny24.pl\/centrum-medyczne-w-lancucie-testuje-nowy-sprzet-do-ochrony-przed-koronowirusem\/ar\/c1-16005301<\/a><\/p>\n\n\n\n<p><strong>TVP3<\/strong><\/p>\n\n\n\n<p><a href=\"https:\/\/www.tvp.pl\/regiony-tvp\/regiony\/rzeszow\/aktualnosci\/nauka-i-zdrowie\/projekty-badawcze-centrum-medycznego-w-lancucie\/58002028\">https:\/\/www.tvp.pl\/regiony-tvp\/regiony\/rzeszow\/aktualnosci\/nauka-i-zdrowie\/projekty-badawcze-centrum-medycznego-w-lancucie\/58002028<\/a><\/p>\n\n\n\n<p><strong>Nowiny24<\/strong><\/p>\n\n\n\n<p><a href=\"https:\/\/nowiny24.pl\/centrum-medyczne-w-lancucie-testuje-nowy-sprzet-lekarzom-lepiej-pracowac-w-kapturach-z-wizjerem-niz-w-maskach-zdjecia\/ar\/c14-16005521\">https:\/\/nowiny24.pl\/centrum-medyczne-w-lancucie-testuje-nowy-sprzet-lekarzom-lepiej-pracowac-w-kapturach-z-wizjerem-niz-w-maskach-zdjecia\/ar\/c14-16005521<\/a><\/p>\n\n\n\n<p><strong>www.gospodarkapodkarpacka.pl\u00a0\u00a0\u00a0\u00a0\u00a0\u00a0\u00a0\u00a0\u00a0\u00a0\u00a0\u00a0<\/strong><\/p>\n\n\n\n<p><a href=\"http:\/\/gospodarkapodkarpacka.pl\/news\/view\/44840\/super-vision-rl-20-kolejny-antycovidowy-projekt-centrum-medycznego-w-lancucie\">http:\/\/gospodarkapodkarpacka.pl\/news\/view\/44840\/super-vision-rl-20-kolejny-antycovidowy-projekt-centrum-medycznego-w-lancucie<\/a><\/p>\n\n\n\n<p><strong>Polskie Radio Rzesz\u00f3w<\/strong><\/p>\n\n\n\n<p><a href=\"https:\/\/radio.rzeszow.pl\/wiadomosci\/projekty-badawczo-rozwojowych-prowadzone-przez-centrum-medyczne-w-lancucie\">https:\/\/radio.rzeszow.pl\/wiadomosci\/projekty-badawczo-rozwojowych-prowadzone-przez-centrum-medyczne-w-lancucie<\/a><\/p>\n\n\n\n<p><strong>TVP 3 Rzesz\u00f3w\u00a0 &#8211; Konferencja prasowa \u2013 podsumowanie Projketu<\/strong><\/p>\n\n\n\n<p><a href=\"https:\/\/rzeszow.tvp.pl\/60889852\/centrum-medyczne-w-lancucie-podsumowalo-projekty-badawcze-zwiazane-z-covid19?fbclid=IwAR0otRqgt0qSprgVyIyAvE6flIhFZwimzZtBB19G_GWFq-m_zQ5vJJ7UGRU\">https:\/\/rzeszow.tvp.pl\/60889852\/centrum-medyczne-w-lancucie-podsumowalo-projekty-badawcze-zwiazane-z-covid19?fbclid=IwAR0otRqgt0qSprgVyIyAvE6flIhFZwimzZtBB19G_GWFq-m_zQ5vJJ7UGRU<\/a><\/p>\n","protected":false},"excerpt":{"rendered":"<p>Strona Centrum Medycznego w \u0141a\u0144cucie Ochrona dla Medyka \u2013 Ochrona dla Medyka \u2013 SUPERVISON (cm-lancut.pl) http:\/\/www.cm-lancut.pl\/asp\/pl_start.asp?typ=13&amp;sub=199&amp;menu=11&amp;dzialy=11&amp;artykul=1475&amp;akcja=artykul http:\/\/cm-lancut.pl\/firmy\/covid%2020%20wrzesnia.mp4 http:\/\/facebook.com\/cmlancut http:\/\/www.cm-lancut.pl\/asp\/pl_start.asp?typ=13&amp;sub=199&amp;menu=11&amp;dzialy=11&amp;artykul=1480&amp;akcja=artykul Starostwo&nbsp;[&hellip;]<\/p>\n","protected":false},"author":2,"featured_media":0,"parent":0,"menu_order":0,"comment_status":"closed","ping_status":"closed","template":"page-templates\/template_fullwidth.php","meta":[],"_links":{"self":[{"href":"https:\/\/ochronadlamedyka.cm-lancut.pl\/index.php\/wp-json\/wp\/v2\/pages\/114"}],"collection":[{"href":"https:\/\/ochronadlamedyka.cm-lancut.pl\/index.php\/wp-json\/wp\/v2\/pages"}],"about":[{"href":"https:\/\/ochronadlamedyka.cm-lancut.pl\/index.php\/wp-json\/wp\/v2\/types\/page"}],"author":[{"embeddable":true,"href":"https:\/\/ochronadlamedyka.cm-lancut.pl\/index.php\/wp-json\/wp\/v2\/users\/2"}],"replies":[{"embeddable":true,"href":"https:\/\/ochronadlamedyka.cm-lancut.pl\/index.php\/wp-json\/wp\/v2\/comments?post=114"}],"version-history":[{"count":3,"href":"https:\/\/ochronadlamedyka.cm-lancut.pl\/index.php\/wp-json\/wp\/v2\/pages\/114\/revisions"}],"predecessor-version":[{"id":118,"href":"https:\/\/ochronadlamedyka.cm-lancut.pl\/index.php\/wp-json\/wp\/v2\/pages\/114\/revisions\/118"}],"wp:attachment":[{"href":"https:\/\/ochronadlamedyka.cm-lancut.pl\/index.php\/wp-json\/wp\/v2\/media?parent=114"}],"curies":[{"name":"wp","href":"https:\/\/api.w.org\/{rel}","templated":true}]}}